base 8?
2076263
1581b (base 14) to base 16
d1e1
12225332 (base 7) to base 9
2054658
What is 30286a (base 13) in base 8?
4212741
What is -11011100111111111 (base 2) in base 4?
-123213333
2263126 (base 8) to base 16
96656
Convert -4662253 (base 10) to base 15.
-62161d
1671a9 (base 11) to base 9
433471
What is 232442010 (base 5) in base 3?
1222221222011
What is 62b36 (base 14) in base 5?
30110223
Convert 15058740 (base 9) to base 4.
130202001312
11101001101111111011001 (base 2) to base 7
122050564
What is -55232403 (base 6) in base 15?
-229b89
What is -2b1b2c (base 14) in base 2?
-101101110111110111100
What is 1101001110101111101101 (base 2) in base 3?
20112012120102
b09b (base 15) to base 7
213443
Convert -a9b2a (base 13) to base 8.
-1130116
What is -563115 (base 7) in base 16?
-184cb
857653 (base 12) to base 5
1014413414
12332532 (base 6) to base 7
3260243
-1000133232013 (base 4) to base 9
-34728214
Convert -21002102101200 (base 3) to base 16.
-397dd0
Convert 12121400 (base 5) to base 7.
653201
What is -11612352 (base 7) in base 3?
-1222002220000
What is -126827 (base 10) in base 7?
-1035521
Convert 949227 (base 10) to base 16.
e7beb
What is -33930 (base 11) in base 7?
-262653
Convert baed4 (base 15) to base 2.
10010001000000110110
Convert -21111201011 (base 3) to base 7.
-1153555
1331704 (base 10) to base 6
44313144
Convert 41042233 (base 5) to base 9.
553864
-10020122202021 (base 3) to base 7
-20444131
Convert -6604760 (base 9) to base 11.
-2002580
Convert -19528d (base 15) to base 10.
-1232458
What is 110011122121221 (base 3) in base 7?
105661456
Convert -302130312000 (base 4) to base 3.
-220212220202120
What is -6c7fc (base 16) in base 7?
-3530443
What is -1012211124 (base 5) in base 4?
-13321100203
Convert 11221212202220 (base 3) to base 13.
713595
Convert -1111101011011110000100 (base 2) to base 3.
-21201211011002
Convert 10133441 (base 5) to base 14.
2268d
Convert 57503 (base 15) to base 10.
277878
-22344563 (base 7) to base 5
-444202241
What is 2537654 (base 8) in base 12?
29b7a4
Convert -5300212 (base 8) to base 13.
-3a4531
What is -7d4b81 (base 14) in base 10?
-4277421
11111010101000100001 (base 2) to base 4
3322220201
Convert 2474413 (base 9) to base 2.
101001001001010100001
Convert 17197a (base 12) to base 3.
202011201111
What is -3230423031 (base 5) in base 12?
-2382931
100011101100001010 (base 2) to base 12
70722
What is -5800865 (base 9) in base 7?
-35415152
-336854 (base 15) to base 7
-26562031
What is 12862 (base 10) in base 8?
31076
What is 1127527 (base 12) in base 3?
20012002211211
What is -667a69 (base 13) in base 14?
-46c7d6
What is -b37a00 (base 13) in base 5?
-2032440400
-1010010001111000010011 (base 2) to base 8
-12217023
What is d0091 (base 16) in base 7?
10146203
-1b3805 (base 12) to base 10
-483269
Convert -16038a4 (base 13) to base 8.
-32742164
Convert -21100232312 (base 4) to base 9.
-4510318
-20035 (base 14) to base 10
-76879
What is -113013030 (base 4) in base 13?
-34122
What is -3101130012 (base 4) in base 10?
-857862
Convert 9225b (base 13) to base 8.
777341
Convert -452740 (base 8) to base 7.
-1205141
-4302421 (base 7) to base 2
-1111111011010111010
Convert 5163630 (base 8) to base 15.
1c0ddd
What is 100012000222 (base 3) in base 9?
305028
5c0a30 (base 13) to base 6
115101250
What is 4220113 (base 9) in base 5?
1034211302
-5217c0 (base 14) to base 6
-135213100
What is 2221110010101 (base 3) in base 14?
2c9c7a
What is 120718 (base 10) in base 6?
2330514
12002000112 (base 3) to base 2
11000011000101111
Convert -4304242 (base 6) to base 13.
-75002
What is -1121021102201 (base 3) in base 15?
-11c5ad
What is 184148 (base 12) in base 11?
268a24
Convert -1005a9 (base 13) to base 2.
-1011010111000110101
2432 (base 10) to base 5
34212
Convert -11523020 (base 6) to base 10.
-368724
What is -8007217 (base 9) in base 10?
-4256809
-85392 (base 14) to base 13
-b35c1
Convert -859025 (base 10) to base 11.
-537442
-374204 (base 9) to base 6
-4503004
651374 (base 8) to base 16
352fc
What is -236644 (base 8) in base 13?
-2b021
Convert -315704 (base 8) to base 10.
-105412
What is 22979a (base 11) in base 8?
1307437
438b40 (base 15) to base 6
152554210
What is -d8aba (base 16) in base 15?
-127e57
What is 1011576 (base 8) in base 7?
2161550
Convert aa4c2 (base 14) to base 7.
3335532
-73b36 (base 15) to base 2
-1011001100110110010
Convert 134232 (base 6) to base 2.
11000101001100
What is -3421042 (base 5) in base 12?
-2b204
What is -ac24d5 (base 16) in base 13?
-2450020
Convert -38692 (base 13) to base 5.
-11320032
Convert -3227597 (base 11) to base 12.
-1a9893b
What is -270a9b (base 12) in base 7?
-5322434
Convert 244104124 (base 5) to base 12.
47b2b6
1019c64 (base 13) to base 5
2222033003
Convert -20322233012 (base 4) to base 16.
-23abc6
What is 1b86b8 (base 12) in base 4?
1320003230
Convert a7b3b9 (base 12) to base 5.
1134344203
What is -4485481 (base 9) in base 16?
-24e73a
What is -20333300001 (base 4) in base 10?
-2358273
What is -2222451 (base 10) in base 9?
-4156560
What is 5141d (base 15) in base 3?
111002010101
Convert -2001420 (base 6) to base 13.
-33846
12365896 (base 10) to base 9
25236734
What is -41705 (base 16) in base 9?
-447608
Convert 6cd04 (base 16) to base 5.
103230300
What is 2006307 (base 10) in base 6?
111000243
Convert 312013203 (base 4) to base 10.
221667
-42262 (base 8) to base 15
-5326
-3063667 (base 10) to base 12
-1038b57
What is -100001010110010011 (base 2) in base 8?
-412623
a1ab2 (base 12) to base 2
110011011011100110
-a69925 (base 11) to base 9
-3187602
What is 10101010010110011 (base 2) in base 6?
1511443
What is 40962 (base 14) in base 16?
25f7a
-203332 (base 4) to base 6
-14354
10010101111111101111 (base 2) to base 6
21100211
Convert 197b64 (base 15) to base 13.
345c46
What is 3c172 (base 13) in base 4?
123122311
Convert -21001212212020 (base 3) to base 15.
-4e3379
2202102102 (base 4) to base 8
2422222
4090c (base 13) to base 10
115777
1880649 (base 13) to base 14
10cd28c
Convert -1010010101100000111 (base 2) to base 7.
-2610310
What is 368780 (base 12) in base 2?
11011000010001010000
Convert -5d894 (base 14) to base 11.
-147431
What is -4ad7 (base 14) in base 9?
-20003
Convert -187896 (base 10) to base 5.
-22003041
-1d30d8 (base 15) to base 13
-3acb8c
Convert 25510114 (base 6) to base 15.
116dd4
Convert -11200010202100 (base 3) to base 6.
-125114230
-3218f5 (base 16) to base 15
-44cbe4
-2204250 (base 9) to base 11
-7396a8
Convert 14724168 (base 9) to base 7.
116242223
Convert -1019219 (base 11) to base 9.
-3341000
Convert 1770617 (base 8) to base 3.
222110010011
Convert 10185756 (base 9) to base 11.
2846577
Convert aa0d (base 16) to base 12.
21239
Convert -59d376 (base 15) to base 6.
-232034133
126101044 (base 7) to base 6
450205511
Convert 122300352 (base 6) to base 2.
1000111111010000101100
What is -8304 (base 15) in base 13?
-c7a2
What is -613536 (base 7) in base 14?
-2a156
1d0a94 (base 14) to base 4
3331233122
Convert 10010010110010110 (base 2) to base 5.
4401113
1537863 (base 9) to base 10
852177
-100000010111100 (base 2) to base 11
-114a6
Convert 1213302014 (base 5) to base 8.
12743421
Convert 214a847 (base 12) to base 11.
3628a93
-1441204024 (base 5) to base 7
-44504663
What is 11020221221 (base 3) in base 12?
405ba
-4202045 (base 6) to base 13
-71306
Convert -978a1 (base 11) to base 13.
-4c92a
167513 (base 10) to base 16
28e59
Convert 655570 (base 9) to base 8.
1374054
What is 4421111220 (base 5) in base 9?
18866221
What is 4b915 (base 13) in base 7?
1122006
-562 (base 12) to base 14
-40a
Convert 168062 (base 10) to base 13.
5b65b
Convert e575 (base 15) to base 13.
190b8
-56380 (base 12) to base 10
-114576
-22141050 (base 6) to base 9
-1225103
Convert -121231220 (base 4) to base 16.
-19b68
Convert -1350141 (base 6) to base 10.
-76525
What is -6bb5a (base 13) in base 4?
-300031123
What is -1018173 (base 9) in base 16?
-84ced
What is 62a91 (base 15) in base 16?
4c636
Convert -2111331103 (base 4) to base 11.
-38a529
Convert 2861532 (base 9) to base 7.
16252115
-e764 (base 16) to base 4
-32131210
-a44058 (base 11) to base 9
-3131832
What is 56a32 (base 11) in base 5?
10114221
145044512 (base 6) to base 5
1234221001
Convert -1b84393 (base 14) to base 6.
-1211005033
Convert 2012121021010 (